w)?
9
Suppose 2*z = -2*k + 3*k - 182, 0 = -4*z + 20. Let b = 2629 - 2620. Suppose f = b*f - k. What is the units digit of f?
4
Suppose -26*u - 2642688 = 57*u - 119*u. What is the ten thousands digit of u?
7
Let c be (-6)/(-9) - 50/(-6). Let r be ((-1)/2)/((-4)/(-320)). What is the tens digit of r*(2/4 + c + -12)?
0
Let s(l) = -94 - 7 + 31 + 39*l - 38. What is the tens digit of s(30)?
6
Suppose 5*x = -4*s + 72973, 0 = -0*x - 2*x + 3*s + 29203. What is the thousands digit of x?
4
Suppose -3*j - 29971 = -4*n, -j = 200*n - 203*n + 22477. What is the hundreds digit of n?
4
Let b = -69 - -70. Let f be 3 - ((-1)/1 + b). Suppose -47 = -q + f*t, -q + t + t + 51 = 0. What is the units digit of q?
9
Let y(z) = 85*z**2 + 66*z + 293. What is the hundreds digit of y(-5)?
0
Suppose 18360 + 44716 = 13*u. What is the thousands digit of u?
4
Let y = 5156 - 3392. Suppose 53*p = 59*p - y. What is the tens digit of p?
9
Let g(i) = -560*i + 466. What is the hundreds digit of g(-10)?
0
Suppose -22732 = -5*n + 102863. What is the thousands digit of n?
5
Suppose -2339 = -2*m + 15167. What is the tens digit of m?
5
Suppose 5*k = 4*f + 60057, -64*f = -3*k - 60*f + 36039. What is the thousands digit of k?
2
Let g = 26411 - 11535. What is the units digit of g?
6
Suppose -v = -13*v - 24. What is the units digit of (v/10)/((-7)/35)?
1
Let n be 0*(-2 + 6/4). Suppose -7*y + 65 + 54 = n. Suppose 0 = -13*j + y*j - 212. What is the tens digit of j?
5
Let o(c) = c**3 - 14*c + 16. Suppose -5*n + 64 = 29. What is the hundreds digit of o(n)?
2
Suppose 0*y = 2*q + y - 15, 2*y + 15 = 5*q. Let l be 13/q + 51/(-85). Suppose -2*c = 3*v - 240, -3*c = l*v + c - 160. What is the units digit of v?
0
Let f(d) = d**3 - 15*d**2 - 12*d - 8. Let n be f(8). Let g = -41 - n. What is the tens digit of g?
1
Suppose 14511 + 19584 = 5*w - 5*a, -5*w = -3*a - 34105. Suppose 0 = -13*d + w - 1962. What is the tens digit of d?
7
Let i(y) be the first derivative of -2*y**3/3 + 48*y**2 - 11*y + 2. What is the tens digit of i(40)?
2
Suppose 0 = 84*q - 20*q + 6808 - 383000. What is the tens digit of q?
7
Let u(g) = g**2 - 29*g + 3. Let w(n) = -3*n**2 + 87*n - 11. Let l(d) = 11*u(d) + 4*w(d). What is the hundreds digit of l(22)?
1
Suppose 0 = 3*v + 5*g - 2, -3*g + 13 = 28. Let a be v/72 - (-279)/8. What is the tens digit of (-21)/(-2)*480/a?
4
Suppose 4*u + u + 90 = 0. Let c(p) be the first derivative of -p**3/3 - 9*p**2 + 12*p - 3. What is the tens digit of c(u)?
1
Let m(s) = 27*s**3 - 9*s**2 - 7*s - 4. Let l be m(-3). Let k = 2376 + l. What is the units digit of k?
3
Let b(v) = -v**3 + 2*v**2 + 4*v + 2. Let d be b(3). Suppose 2*w + d*o = -2*w + 893, 2*w - 449 = -3*o. What is the units digit of w?
7
Suppose -2*z + 92 = -2*u, -4*u + 185 = 5*z - 0*z. Suppose 0 = 6*o + z - 17. What is the units digit of (o/1)/((-412)/(-208) + -2)?
8
Suppose 1182 + 569 = -2*s - o, o = 3*s + 2629. Let f = 1497 + s. What is the tens digit of f?
2
Suppose 154*n - 865577 = -63237. What is the tens digit of n?
1
Suppose -11*u + 543 = -8*u. Suppose -u = 12*o - 1. What is the tens digit of (78/(-8))/(o/80)?
5
Suppose -107*v + 937272 = -23*v. What is the ten thousands digit of v?
1
Suppose 0 = 52*d + 52*d - 15*d - 3134135. What is the ten thousands digit of d?
3
Let l(t) be the second derivative of -t**5/10 - 13*t**4/12 - 9*t**3/2 + 3*t**2/2 + 15*t. What is the hundreds digit of l(-9)?
6
Suppose -2*s - 2*m = -6860, 0 = 4*m + 52 - 48. What is the units digit of s?
1
Let y = -3598 - -8474. What is the hundreds digit of y?
8
Suppose 3*k = -b - 4*b + 15, b + k - 3 = 0. Suppose -3*g - b = -21. What is the units digit of g?
6
Suppose 0 = 5*x + 3*t - 59378, -41*x + 43*x = t + 23749. What is the thousands digit of x?
1
Let f(m) = -m**3 - 4*m**2 + 83*m + 41. What is the tens digit of f(-21)?
9
Let k be (8/12)/(-1)*3. Let t be (1 - -20 - -3)/(3 + k). Let a = 2 + t. What is the units digit of a?
6
Let s(j) = -j**2 - 7*j - 1. Let c be s(-6). Let z be (6/(7 + 5))/((-2)/(-28)). Suppose 0 = c*a - z*a + 94. What is the tens digit of a?
4
Suppose 0 = -169*d + 173*d - 128. Suppose -d*c - 3376 = -40*c. What is the hundreds digit of c?
4
Let g(y) = -72 + 17 - 73*y - 28*y + 43*y. What is the tens digit of g(-9)?
6
Let x = -814 - -735. Let h = x + 851. What is the hundreds digit of h?
7
Let f = 277 + 2909. Suppose 3*s + 9*y - 4779 = 11*y, -2*s + f = 2*y. What is the hundreds digit of s?
5
Suppose -3*c + 0*t + 3 = -3*t, 0 = -5*t + 5. Suppose -c*r = -r + 11*r. Suppose 4*o - 1 - 15 = r, -4*o + 194 = k. What is the tens digit of k?
7
Let h(j) = -j**3 - 5*j**2 + 13. Let f be h(-4). Let w be 5 - -2 - 2/(-3)*f. What is the tens digit of ((-34)/w + 2)/((-10)/150)?
7
Let o(y) = -513*y - 192. Suppose 0 = 38*g + 98 + 16. What is the units digit of o(g)?
7
Let g be 6/39 + (-4630)/13. Let x = -171 - g. Let r = -98 + x. What is the units digit of r?
7
Let y = 2062 + 4675. What is the units digit of y?
7
What is the tens digit of (-190)/(-4)*(-11730)/(-69)?
7
Let v = 1 - -464. Let k = 14352 - 14349. What is the units digit of (3/(k/2))/(30/v)?
1
Suppose 15*y - 65928 = 271767. What is the hundreds digit of y?
5
What is the hundreds digit of ((-39)/(-3) - (6 + 15/(-5)))*6098?
9
What is the units digit of ((-569943)/(-44) - 1/4)/(8/16)?
6
Let v(x) = x**3 - x**2 + 5*x - 6. Let c be v(-4). What is the hundreds digit of (-10 + 14)*c/(-4)?
1
Let q(w) = -2*w - 3*w + 2*w + 7 + 4*w**2. Let k be q(-5). Let c = k - 80. What is the tens digit of c?
4
Suppose 0 = -3*v + 5 + 1, -v = 4*m - 10. Suppose -m*s + s + 14 = -n, 2*s - 8 = 0. Let q(r) = r**3 + 12*r**2 + 19*r + 2. What is the units digit of q(n)?
2
Let s(c) = -115*c - 15. Suppose -3*w = 2*v + 14, 16*v + 3 = 13*v. What is the hundreds digit of s(w)?
4
Suppose -2*y + 4*y = z - 289, -5*z = -4*y - 1415. Let t = z - 15. What is the hundreds digit of t?
2
Suppose -6114 = -6*c + 3378. Suppose 5*x = 4*u - c, 3*x + 288 = u - 111. What is the tens digit of u?
9
Let c(j) = 4*j**2 + 75*j + 1512. What is the units digit of c(-54)?
6
Let u(q) = q**3 + 6*q**2 - 18*q - 11. Let t be u(-8). Let n = t + -1. Suppose 2*s = 2*r - 100, -4*r - n*s = 42 - 274. What is the units digit of r?
4
Let k(q) = 29*q**2 + 53*q - 341. What is the units digit of k(15)?
9
Let i be (-1 + 3)*(-21 - 8). Let w = i - -260. What is the tens digit of w?
0
Let l = -777 + 775. Suppose -3*v - 5*y = -3*y - 146, 5*y - 53 = -v. What is the units digit of v/8 + 1/l*0?
6
Suppose -5*g + 174 = p, 4*p - p - 148 = -4*g. Let s = 42 - g. Suppose 23 = s*u - 113. What is the tens digit of u?
1
Let f be 29 + (-3 - (2 - 4)). Let v = -48 + f. Let z = 37 - v. What is the units digit of z?
7
Suppose 3*l + 93999 = 3*r, -2*r = -15*l + 18*l - 62681. What is the ten thousands digit of r?
3
Let r = -193 + 66. Let n = r - 10. Let x = 216 + n. What is the tens digit of x?
7
Let g(v) = 15*v**3 - 21*v**2 + 139*v - 271. What is the units digit of g(12)?
3
Let s = 3128 - 2945. What is the hundreds digit of s?
1
Let r(w) = 14*w**3 - 4*w**2 + 6*w - 21. What is the ten thousands digit of r(11)?
1
Let f be 2/9 - 1397/9. Let i = -151 - f. Suppose i*z - 75 = -12*o + 7*o, -5*o + 75 = -z. What is the tens digit of o?
1
Suppose j = 406 + 121. Let d be (-7)/((-4)/12*6/(-16)). What is the units digit of 16/d - j/(-7)?
5
Suppose 101*s = -339 - 267. Let k(o) be the first derivative of -o**3/3 - 9*o**2/2 - 12*o - 1. What is the units digit of k(s)?
6
Let r = 4307 - 2843. What is the units digit of r?
4
Let u(r) = -r**2 - 4*r - 3. Let v be u(-3). Suppose -14485 - 1359 = -68*y. Suppose v*x - y = -2*x + k, -2*x - k + 239 = 0. What is the units digit of x?
8
Let n = 3184 + 2802. What is the tens digit of n?
8
Suppose 7 = -t - 3. Let n be (1 - (0 + -21))/((-7)/(-28)). Let m = n + t. What is the tens digit of m?
7
Suppose 0 = -12*c - 945 - 135. Suppose 655 - 107 = 4*z. Let v = c + z. What is the tens digit of v?
4
Suppose k - 14*k - 494 = 0. What is the hundreds digit of 439/3*-1*(k - -35)?
4
Let q(o) = -o**3 + 14*o**2 - 24*o + 4. Let y be q(12). Let h(u) = 3*u + 3. Let d be h(y). Suppose 18*c - d*c - 198 = 0. What is the tens digit of c?
6
Let v be 4/(-26) - 3/((-234)/8592). Suppose 0 = -18*a + 2144 - v. What is the tens digit of a?
1
Let q(r) = 3*r**3 + 4*r**2 - 7*r + 6. Let m be q(5). Let h = m + -289. What is the units d